of 78730?
7
What is the hundred thousands digit of 316468?
3
What is the ten thousands digit of 11336?
1
What is the tens digit of 13248535?
3
What is the ten thousands digit of 146789?
4
What is the hundreds digit of 626557?
5
What is the hundred thousands digit of 4008675?
0
What is the thousands digit of 159743?
9
What is the units digit of 8460?
0
What is the thousands digit of 1526488?
6
What is the units digit of 1789341?
1
What is the thousands digit of 414631?
4
What is the ten thousands digit of 304073?
0
What is the thousands digit of 2969?
2
What is the hundred thousands digit of 592600?
5
What is the thousands digit of 1695163?
5
What is the thousands digit of 361705?
1
What is the ten thousands digit of 483202?
8
What is the thousands digit of 4473465?
3
What is the hundreds digit of 4770477?
4
What is the millions digit of 8288933?
8
What is the hundred thousands digit of 134416?
1
What is the hundreds digit of 617580?
5
What is the millions digit of 2747076?
2
What is the ten thousands digit of 17922724?
2
What is the units digit of 204450?
0
What is the tens digit of 50989?
8
What is the tens digit of 758189?
8
What is the units digit of 89687?
7
What is the thousands digit of 776392?
6
What is the hundred thousands digit of 5262536?
2
What is the thousands digit of 10401275?
1
What is the ten millions digit of 12662169?
1
What is the hundred thousands digit of 1360541?
3
What is the millions digit of 7265786?
7
What is the hundreds digit of 107514?
5
What is the hundreds digit of 249095?
0
What is the millions digit of 18128878?
8
What is the hundreds digit of 926029?
0
What is the thousands digit of 3418918?
8
What is the hundreds digit of 65858?
8
What is the thousands digit of 96416?
6
What is the ten thousands digit of 87711?
8
What is the tens digit of 8686961?
6
What is the units digit of 860778?
8
What is the hundreds digit of 10697?
6
What is the thousands digit of 3584126?
4
What is the units digit of 3523694?
4
What is the tens digit of 702823?
2
What is the units digit of 1629030?
0
What is the hundreds digit of 2598007?
0
What is the units digit of 1889296?
6
What is the ten thousands digit of 669818?
6
What is the tens digit of 7901718?
1
What is the thousands digit of 5383126?
3
What is the ten thousands digit of 686756?
8
What is the ten thousands digit of 718357?
1
What is the ten millions digit of 18115850?
1
What is the tens digit of 603331?
3
What is the tens digit of 385349?
4
What is the ten thousands digit of 584512?
8
What is the ten thousands digit of 9567133?
6
What is the hundred thousands digit of 699519?
6
What is the hundreds digit of 28608648?
6
What is the thousands digit of 331948?
1
What is the ten thousands digit of 63143?
6
What is the thousands digit of 924589?
4
What is the hundreds digit of 202505?
5
What is the units digit of 1355914?
4
What is the thousands digit of 8660727?
0
What is the tens digit of 21226633?
3
What is the units digit of 1263461?
1
What is the hundreds digit of 270891?
8
What is the hundreds digit of 2798227?
2
What is the tens digit of 11256175?
7
What is the tens digit of 33767?
6
What is the ten thousands digit of 526565?
2
What is the units digit of 6696376?
6
What is the thousands digit of 234952?
4
What is the thousands digit of 177076?
7
What is the hundreds digit of 1946287?
2
What is the hundreds digit of 189518?
5
What is the tens digit of 7453065?
6
What is the hundred thousands digit of 140227?
1
What is the tens digit of 1652912?
1
What is the hundred thousands digit of 2435998?
4
What is the hundreds digit of 24241844?
8
What is the units digit of 810784?
4
What is the units digit of 43219?
9
What is the ten thousands digit of 2815284?
1
What is the hundred thousands digit of 366034?
3
What is the ten thousands digit of 220169?
2
What is the tens digit of 14070904?
0
What is the hundreds digit of 230926?
9
What is the hundred thousands digit of 239393?
2
What is the units digit of 35373698?
8
What is the units digit of 26574232?
2
What is the hundred thousands digit of 32705903?
7
What is the millions digit of 15699554?
5
What is the tens digit of 45018?
1
What is the tens digit of 85299?
9
What is the thousands digit of 575155?
5
What is the units digit of 952064?
4
What is the ten thousands digit of 764147?
6
What is the hundreds digit of 296849?
8
What is the hundred thousands digit of 9491135?
4
What is the hundred thousands digit of 628101?
6
What is the hundred thousands digit of 220572?
2
What is the millions digit of 30748238?
0
What is the ten millions digit of 10387617?
1
What is the units digit of 10486361?
1
What is the tens digit of 14221797?
9
What is the tens digit of 21507432?
3
What is the units digit of 6598352?
2
What is the tens digit of 884993?
9
What is the ten thousands digit of 2292380?
9
What is the hundreds digit of 267244?
2
What is the millions digit of 24485693?
4
What is the tens digit of 2372369?
6
What is the thousands digit of 25679?
5
What is the hundreds digit of 1900876?
8
What is the tens digit of 217429?
2
What is the ten thousands digit of 56163?
5
What is the tens digit of 35576?
7
What is the units digit of 67904?
4
What is the ten thousands digit of 321374?
2
What is the thousands digit of 5680?
5
What is the hundred thousands digit of 843042?
8
What is the units digit of 658926?
6
What is the tens digit of 68262?
6
What is the tens digit of 1137698?
9
What is the units digit of 66347?
7
What is the thousands digit of 48144?
8
What is the thousands digit of 7440872?
0
What is the millions digit of 17067938?
7
What is the millions digit of 2257210?
2
What is the tens digit of 292464?
6
What is the millions digit of 29772583?
9
What is the hundreds digit of 673014?
0
What is the hundreds digit of 633012?
0
What is the ten thousands digit of 60722?
6
What is the hundred thousands digit of 209455?
2
What is the hundreds digit of 5136461?
4
What is the units digit of 289226?
6
What is the tens digit of 7504938?
3
What is the tens digit of 798136?
3
What is the thousands digit of 2695642?
5
What is the ten thousands digit of 1851832?
5
What is the hundreds digit of 5672043?
0
What is the hundred thousands digit of 208700?
2
What is the hundreds digit of 4010711?
7
What is the thousands digit of 293706?
3
What is the thousands digit of 617447?
7
What is the thousands digit of 291632?
1
What is the hundred thousands digit of 1959380?
9
What is the tens digit of 660322?
2
What is the units digit of 600323?
3
What is the hundred thousands digit of 12057881?
0
What is the tens digit of 63002?
0
What is the hundreds digit of 1447627?
6
What is the units digit of 996446?
6
What is the tens digit of 870393?
9
What is the hundred thousands digit of 851996?
8
What is the hundreds digit of 1511688?
6
What is the ten thousands digit of 65183?
6
What is the thousands digit of 3615455?
5
What is the thousands digit of 4312436?
2
What is the ten thousands digit of 6650622?
5
What is the units digit of 487408?
8
What is the hundred thousands digit of 576171?
5
What is the ten thousands digit of 128721?
2
What is the thousands digit of 172960?
2
What is the hundred thousands digit of 10272334?
2
What is the units digit of 1038237?
7
What is the ten thousands digit of 901850?
0
What is the thousands digit of 103152?
3
What is the hundreds digit of 4486626?
6
What is the hundred thousands digit of 356818?
3
What is the units digit of 6756280?
0
What is the hundreds digit of 1485529?
5
What is the ten millions digit of 17376756?
1
What is the hundred thousands digit of 4195212?
1
What is the units digit of 260609?
9
What is the hundred thousands digit of 482566?
4
What is the millions digit of 6165281?
6
What is the thousands digit of 492703?
2
What is the ten thousands digit of 3303743?
0
What is the millions digit of 1106710?
1
What is the ten thousands digit of 1551720?
5
What is the tens digit of 512383?
8
What is the hundreds digit of 1834462?
4
What is the tens digit of 37872?
7
What is the millions digit of 1434459?
1
What is the hundreds digit of 141732?
7
What is the thousands digit of 615745?
5
What is the units digit of 237162?
2
What is the millions digit of 4316941?
4
What is the ten millions digit of 12579235?
1
What is